= -6*g - 2. Let z(l) = 4*l - 5. Let o(t) = -t + 1. Let p(i) = 5*o(i) + z(i). Let u(b) = -n(b) + 3*p(b). Calculate u(-2).
-4
Let d(a) = -a**2 + 8*a - 5. Let s be d(7). Let f(o) = -2*o**2 + 4*o - 2. Determine f(s).
-2
Let p(l) = 2*l**3 + l**2 - 10*l - 6. Let x(c) = -c**3 + 5*c + 3. Let u(g) = -3*p(g) - 5*x(g). Determine u(-4).
-1
Let i = 9 + -7. Let k(s) = 5*s**2 + i*s - s**3 + 2*s**3 - 5 + 12. Determine k(-5).
-3
Let m(s) = s**2 - 5*s + 5. Let g(u) = 2*u + 5. Let i be g(0). Determine m(i).
5
Let m(y) = 6*y + y**2 + 13*y - 2 - 24*y. Let q be (-4)/(-14) + (-4)/14. Let c be (q + 3/9)*12. Calculate m(c).
-6
Let t(y) = -y**2 + 6*y + 2. Let r be t(6). Let n be (-12)/(-3)*r/(-4). Let h(a) = -2*a - 4*a + 7*a - 2*a - 1. Give h(n).
1
Let t(l) = 0*l + 10*l**3 + 3 - l - 3. Calculate t(-1).
-9
Suppose 0*s - 5*s + 15 = 0. Let y(p) = -2 + 2 + 17*p - 2 + s. Give y(-1).
-16
Let d(c) = 15*c**3 - 19*c**2 + 13*c + 4. Let u(j) = -8*j**3 + 10*j**2 - 7*j - 2. Let v(w) = -6*d(w) - 11*u(w). Give v(2).
-4
Let f be 30/4 - (-1)/(-2). Let h(x) be the third derivative of x**5/60 - x**4/4 - 7*x**3/6 - 2*x**2 + 12. Give h(f).
0
Let k(z) = -z**2 - 3*z - 3. Let c(f) = -2*f**2 - 2*f - 3. Let y(b) = -6*c(b) + 5*k(b). Give y(2).
25
Let z(d) = -d**2 - 2*d + 3. Let n be z(-4). Let u(h) = h**3 - h**2 - h - 1. Let x(f) = 3*f**3 + 4*f**2 + 4*f + 5. Let s(i) = 2*u(i) - x(i). Calculate s(n).
-2
Let l(q) = q**2 - 6*q + 5. Let u be l(3). Let r(f) = -2*f - 2. Give r(u).
6
Suppose 0 = 2*c + 10. Let l be (0 + 0)/(-1) + -1. Let m(o) = 2*o + 6. Let x(a) = -1. Let t(y) = l*x(y) - m(y). Determine t(c).
5
Let f = -12 + 11. Let h(n) be the second derivative of -n**4/2 - n**3/6 + n. Give h(f).
-5
Let k(c) = -c**3 + 9*c**2 - 11*c + 17. Let r be k(8). Let a be (-27)/r + 2/14. Let i(x) = -x**3 + 5*x**2 - 7*x + 4. Determine i(a).
-8
Suppose -3*q + 13 = 4*d, -d = 3*q - 2*d - 8. Let o(l) be the third derivative of -l**5/30 + 5*l**4/24 - l**3/2 + l**2. Give o(q).
-6
Let o(t) = 6*t**2 + t - 1. Suppose 3*l - 2 = 5*l. Let i = 1 - 1. Let y = i - l. What is o(y)?
6
Suppose 12*g - 14*g + 8 = 0. Let s(h) be the second derivative of 0 + 1/20*h**5 + h - h**2 - 1/4*h**g + 1/6*h**3. Calculate s(3).
1
Suppose 3*r = 4*t - 7 - 25, 2*t + 4*r + 6 = 0. Suppose 0 = -0*h - h + t*l + 20, 2*l + 10 = 0. Let v(q) = -q - 4. What is v(h)?
1
Suppose 2*h + 4 = 0, 2*h + h = 4*y - 6. Let o(c) = -2*c + c + 8 + y*c + 8. Determine o(0).
16
Let y(j) = 1. Let p(q) = q - 14. Let i(a) = p(a) - 3*y(a). Let z be i(16). Let x(w) = w. Give x(z).
-1
Let z(m) be the third derivative of m**6/120 - m**5/12 + m**4/6 + 5*m**3/6 + 2*m**2. Let u be 8*(2/(-4) - -1). Give z(u).
5
Let w = -28 - -22. Let c(p) = -p**2 - 6*p + 1. Determine c(w).
1
Let q(n) = n + 11. Let u be q(-8). Suppose 2*y - 4*m = -0*y + 8, 0 = -3*y + 3*m + 6. Suppose o - u*o = y. Let k(b) = -b**2 - 4. Determine k(o).
-4
Suppose -6*u - 18 = -8*u. Let s(b) = -b**3 + 10*b**2 - 10*b - 1. Determine s(u).
-10
Let h be 6 - (0/(-2) + 2). Let w(j) = -3 + 2*j - h - j. Suppose -20 = 3*i - 20. Determine w(i).
-7
Let p(z) = z**3 - z + 1. Let r(x) = x**3 - 2*x + 4. Let s(c) = -2*p(c) + r(c). Determine s(-2).
10
Suppose -3*g - o - 4 = -0, 3*g + 8 = o. Let x(d) be the third derivative of -1/30*d**5 - 1/12*d**4 - 3*d**2 - 1/120*d**6 + 0 + 0*d + 1/3*d**3. Give x(g).
6
Let d(a) be the third derivative of a**4/8 + a**3/3 + a**2. Suppose -16 - 6 = 11*g. Calculate d(g).
-4
Let w(n) = -4*n + 6*n**2 - 3 + 4*n**2 - 5*n**2 + n**3. Suppose 24 + 91 = -23*p. Determine w(p).
17
Suppose t + 42 = 8*t. Let n(b) = b**2 - 4*b + 4. Calculate n(t).
16
Suppose -w - 1 = 2*y, 8*y - 3*y + 4 = -w. Let p(l) = l + 6. Let o be p(-4). Let x be 1 - ((o - y) + -6). Let f(c) = c - 4. Calculate f(x).
0
Let p(a) = 19*a - 8*a - 5*a + 1 - 7*a. Give p(-3).
4
Suppose -22 = -3*f - 10. Let o(u) = -u**2 - 2*u + 2. Determine o(f).
-22
Suppose 0*l = -5*t - 3*l + 483, l = 2*t - 191. Let i(u) = 91*u - u**2 + 2*u**2 - t*u + 4. Determine i(3).
-2
Suppose 0 = -6*b + 84 - 114. Let d(n) = -n - 7. Determine d(b).
-2
Let t(n) = 6*n**2 - 20*n + 14*n - 5*n**3 + 4*n**3 + 6. Give t(5).
1
Let y(n) = n**2 - 5*n - 1. Let l be 4/12*0 - -3. Let v be 16/l - 4/(-6). Determine y(v).
5
Let v(w) = w**2 - w. Let q(z) = -4*z**3 - 3*z**2 - 9*z - 3. Let f(c) = 7*c**3 + 7*c**2 + 17*c + 6. Let y(i) = -3*f(i) - 5*q(i). Let b be y(-5). Determine v(b).
2
Let d = 3 - 3. Let k(c) = c + 3 + 5*c**3 + d*c - 2 - 3*c. What is k(1)?
4
Let s(g) = -4*g**3 - g**2 - 2*g + 1. Let b be s(-2). Let w(y) = y - 18. Let t be w(15). Let l be t/(2 + b/(-12)). Let a(f) = -f + 2. Determine a(l).
-2
Let c = 5 + -1. Suppose 3*n + 2*n + g + 3 = 0, -2*n + 6 = c*g. Let a(z) = z - 1. Determine a(n).
-2
Let f(t) = -4*t**2 - t. Suppose -3*v + 3*q = 7 - 1, 0 = -4*v - q - 3. Give f(v).
-3
Let w(v) = v - 10. Let p be w(12). Let n be 0/(-2) + 1 + 8. Let l(q) = -2*q - q - n + p*q + 2*q. Give l(4).
-5
Let u(w) = -8*w + 7. Let o(b) = 23*b - 21. Let j(p) = -6*o(p) - 17*u(p). Give j(5).
-3
Let g(u) be the first derivative of 2*u**4 + 2*u**3/3 - u - 6. Suppose -2*w - 5*k = -8, -2*k = 7*w - 3*w. Calculate g(w).
-7
Let h(u) = -2*u - 17*u**3 + 5*u**2 - 7*u**2 + 16*u**3. Calculate h(-2).
4
Let q(g) = -g**3 - 6*g**2 - 6*g + 5. Suppose -3*d = -59 - 82. Suppose 5*v - 53 = d. Let r be (v/8)/(1/(-2)). Determine q(r).
10
Let v(x) be the third derivative of x**5/12 + x**4/12 + x**3/6 + 11*x**2. Suppose 3*p = i + 1, 5*i + 12 + 11 = -3*p. Give v(p).
4
Let r(u) = u**3 - 7*u**2 + 7*u - 9. Let b be r(6). Let m(c) = c**2. Determine m(b).
9
Let h(j) be the third derivative of j**4/8 + j**3/3 - 13*j**2. Calculate h(-2).
-4
Let o be -2 + (0 - 1 - -4). Suppose 2*z = -f, 6*z - 3*z + 3 = 0. Let p(s) = 4*s - s - f*s. Calculate p(o).
1
Let w(g) = 2 - 9 - 2 - 3*g + 11. Suppose -2*n - 7 = -m, 5*m - 7 = n + 10. Give w(m).
-7
Let z(h) = -h**3 + 4*h**2 - 2*h + 1. Let a = -1 - 0. Let u be 1*2*(-1)/a. Give z(u).
5
Let m(q) = 3*q + 26. Let x be m(-10). Let t(p) = 6*p + 6. What is t(x)?
-18
Let s = -7 + 5. Let z(q) = q**2 + 2*q + 3. Let a be z(s). Let x(v) = -v**2 + 4*v - 2. Let g(u) = u. Let k(b) = -3*g(b) + x(b). What is k(a)?
-8
Let x(r) be the third derivative of r**4/24 + r**3 - 44*r**2. Give x(-9).
-3
Let u(v) = -39*v**3 - v + 0*v**2 + 38*v**3 + 2*v**2. Let l = 7 + -5. Suppose -5*q = -3 - l. Determine u(q).
0
Let z = -2 + 0. Let w(c) be the first derivative of 3*c**2/2 + 2*c + 10. Determine w(z).
-4
Let q(c) be the third derivative of c**5/12 - 7*c**4/24 - 3*c**2. Let i(h) = h**2 - h. Let x(r) = -4*i(r) + q(r). Calculate x(3).
0
Let n(d) = -d**2 + 1. Let z = -7 + 4. Let l(o) = 2*o**3 - o**2 - o. Let t be l(-1). Let x = t - z. What is n(x)?
0
Let n(c) = c + 11. Let l(q) = -3*q - 32. Let k(h) = 4*l(h) + 11*n(h). Calculate k(-3).
-4
Let u(n) be the third derivative of n**5/120 + n**4/12 - n**3 + 4*n**2. Let t(r) be the first derivative of u(r). Determine t(0).
2
Let w(k) = -2*k. Let y be w(-2). Let c(a) = 4*a + 5. Let z(p) = 5*p + 5. Let s(f) = -6*c(f) + 5*z(f). What is s(y)?
-1
Let z(t) = t**3. Let o be z(0). Let r(c) = c**2 - c - 4. What is r(o)?
-4
Let h(s) = s + 5. Let p(l) = 2*l - 6. Let y be 1/3*(2 + 10). Let r be p(y). Suppose 7 = -i + r. Calculate h(i).
0
Let g(v) be the second derivative of v**4/6 + v**3/2 + v**2/2 + v. Suppose 0 = 2*h - 0*h + 32. Let d be 2/(-9) + h/9. Give g(d).
3
Suppose 0*a - a = 0. Suppose 2*k + 3*k - 15 = a. Suppose -4*w - 2*u - 10 = -6*w, 0 = k*w + 4*u - 15. Let s(g) = -g**3 + 5*g**2 + 2*g - 2. Calculate s(w).
8
Let w(x) = 0 + x - 6 + 3. Suppose 4*s - 28 + 8 = -3*m, 0 = -3*m - 5*s + 22. Calculate w(m).
1
Let f(l) be the second derivative of -l**5/20 - 5*l**4/12 - 5*l**3/6 - 3*l**2 - l. Let p(y) = -y**2 - 8*y - 19. Let k be p(-5). What is f(k)?
-2
Let b(l) = -l**3 + 3*l**2 + l - 2. Let t(f) = 13*f**2 + f. Let o be t(1). Suppose 4*i = -k + o, 6 = 2*i + 2*i - 3*k. What is b(i)?
1
Let o(u) be the first derivative of -u**4/4 + u**3 + u**2 + 2*u - 4. Suppose m + 2 = -2. Let q = m - -8. Give o(q).
-6
Let f(t) = -2*t**2 + 5. Let o be f(0). Let h(a) = a**2 - 4*a - 4. Give h(o).
1
Let d(w) be the third derivative of w**6/120 + w**5/15 - w**4/6 + w**3/3 + 13*w**2. Give d(-5).
-3
Suppose 0*c + 2*c - 1 = v, 5*c = -3*v + 30. Let g(s) = 0 + 0*s - c + 2*s - s**2. What is g(3)?
-6
Let z(p) be the second derivative of -11*p**4/6